{"id":13,"date":"2022-06-09T14:43:18","date_gmt":"2022-06-09T12:43:18","guid":{"rendered":"https:\/\/asmir.fr\/?page_id=13"},"modified":"2026-02-17T18:01:29","modified_gmt":"2026-02-17T17:01:29","slug":"accueil","status":"publish","type":"page","link":"https:\/\/asmir.fr\/","title":{"rendered":"Accueil"},"content":{"rendered":"[vc_row row_type=\u00a0\u00bbsection\u00a0\u00bb type=\u00a0\u00bbgrid\u00a0\u00bb text_align=\u00a0\u00bbcenter\u00a0\u00bb video=\u00a0\u00bb\u00a0\u00bb css=\u00a0\u00bb.vc_custom_1659978890118{padding-bottom: 40px !important;background-image: url(https:\/\/asmir.fr\/wp-content\/uploads\/2022\/06\/header-background-scaled.jpg?id=27) !important;}\u00a0\u00bb][vc_column width=\u00a0\u00bb1\/2&Prime;][vc_separator type=\u00a0\u00bbtransparent\u00a0\u00bb up=\u00a0\u00bb30&Prime;][vc_single_image image=\u00a0\u00bb211&Prime; img_size=\u00a0\u00bb500&#215;500&Prime; alignment=\u00a0\u00bbcenter\u00a0\u00bb style=\u00a0\u00bbvc_box_shadow_3d\u00a0\u00bb][\/vc_column][vc_column width=\u00a0\u00bb1\/2&Prime;][vc_custom_heading text=\u00a0\u00bbBienvenue sur le site de l&rsquo;association ASMIR\u00a0\u00bb font_container=\u00a0\u00bbtag:h2|font_size:32|text_align:left|color:%23248d37&Prime; use_theme_fonts=\u00a0\u00bbyes\u00a0\u00bb][vc_separator type=\u00a0\u00bbtransparent\u00a0\u00bb][vc_column_text]\n<p style=\"text-align: justify;\">\u00a0L&rsquo;association ASMIR est n\u00e9e \u00e0 Sainte Flaive des Loups en Vend\u00e9e en 2016 sous l&rsquo;impulsion d&rsquo;un petit collectif d&rsquo;habitants reli\u00e9s par des valeurs communes : solidarit\u00e9 interg\u00e9n\u00e9rationnelle, partage, respect de la dignit\u00e9 humaine.<\/p>\n<p style=\"text-align: justify;\">C&rsquo;est ainsi que l&rsquo;association ASMIR met en place ou participe \u00e0 des actions ayant pour objectif de d\u00e9velopper la solidarit\u00e9 et la lutte contre l&rsquo;isolement en milieu rural.<\/p>\n<p>&nbsp;<\/p>\n<p style=\"text-align: justify;\">L&rsquo;activit\u00e9 principale de l&rsquo;association est celle du d\u00e9placement solidaire qui regroupe \u00e0 l&rsquo;heure actuelle, en 2026, 7 communes adh\u00e9rentes : Beaulieu sous la Roche, La Chapelle Hermier, Le Girouard, Martinet, Nieul le Dolent, Saint Georges de Pointindoux et Sainte Flaive des Loups.<\/p>\n<p style=\"text-align: justify;\">L&rsquo;association participe et contribue \u00e9galement \u00e0 d&rsquo;autres activit\u00e9s solidaires qui sont mises en place par d&rsquo;autres partenaires.<\/p>\n<p>&nbsp;<\/p>\n<p style=\"text-align: justify;\">ASMIR se veut vecteur de projets solidaires et travaille actuellement sur la mise en place d&rsquo;une activit\u00e9 de visites \u00e0 domicile chez les personnes les plus isol\u00e9es.<\/p>\n[\/vc_column_text][vc_separator type=\u00a0\u00bbtransparent\u00a0\u00bb][\/vc_column][\/vc_row][vc_row row_type=\u00a0\u00bbrow\u00a0\u00bb text_align=\u00a0\u00bbleft\u00a0\u00bb css_animation=\u00a0\u00bb\u00a0\u00bb css=\u00a0\u00bb.vc_custom_1660030323347{padding-bottom: 30px !important;}\u00a0\u00bb][vc_column][vc_text_separator title=\u00a0\u00bbNotre Actualit\u00e9\u00a0\u00bb border=\u00a0\u00bbno\u00a0\u00bb background_color=\u00a0\u00bb#248d37&Prime; title_color=\u00a0\u00bb#ffffff\u00a0\u00bb][\/vc_column][\/vc_row][vc_row row_type=\u00a0\u00bbsection\u00a0\u00bb type=\u00a0\u00bbgrid\u00a0\u00bb text_align=\u00a0\u00bbcenter\u00a0\u00bb video=\u00a0\u00bb\u00a0\u00bb css=\u00a0\u00bb.vc_custom_1660056213831{background-image: url(https:\/\/asmir.fr\/wp-content\/uploads\/2022\/06\/header-background-scaled.jpg?id=27) !important;}\u00a0\u00bb][vc_column]<div class='latest_post_holder'><ul><li class=\"three\"><div class=\"latest_post\"><a href=\"https:\/\/asmir.fr\/index.php\/2026\/01\/21\/02-01-26-galette-des-rois-asmir\/\" class=\"latest_post_wrapper\"><img loading=\"lazy\" decoding=\"async\" width=\"422\" height=\"237\" src=\"https:\/\/asmir.fr\/wp-content\/uploads\/galettegirouard-1.jpg\" class=\"attachment-full size-full wp-post-image\" alt=\"\" srcset=\"https:\/\/asmir.fr\/wp-content\/uploads\/galettegirouard-1.jpg 422w, https:\/\/asmir.fr\/wp-content\/uploads\/galettegirouard-1-300x168.jpg 300w\" sizes=\"auto, (max-width: 422px) 100vw, 422px\" \/><\/a><div class=\"latest_post_text\"><div class=\"latest_post_inner\"><span class=\"post_infos\"><span class=\"date_holder\"><span class=\"date\">21 <\/span><span class=\"month\">janvier<\/span><\/span><span class=\"latest-vert-separator\">  |  <\/span><a class=\"post_author\" href=\"https:\/\/asmir.fr\/index.php\/author\/joseph-jolly\/\">Joseph JOLLY <\/a><span class=\"latest-vert-separator\">  |  <\/span> <a href=\"https:\/\/asmir.fr\/index.php\/category\/actualite\/\">Actualit\u00e9s <\/a> <span class=\"latest-vert-separator\">  |  <\/span><\/span><h4 class=\"latest_post_title\"><a href=\"https:\/\/asmir.fr\/index.php\/2026\/01\/21\/02-01-26-galette-des-rois-asmir\/\">Sainte Flaive des Loups &#8211; Galette des Rois ASMIR<\/a><\/h4><\/div><\/div><\/div><\/li><li class=\"three\"><div class=\"latest_post\"><a href=\"https:\/\/asmir.fr\/index.php\/2023\/04\/04\/673\/\" class=\"latest_post_wrapper\"><img loading=\"lazy\" decoding=\"async\" width=\"450\" height=\"488\" src=\"https:\/\/asmir.fr\/wp-content\/uploads\/2025-asmir-logo-1-e1764961162876.png\" class=\"attachment-full size-full wp-post-image\" alt=\"\" \/><\/a><div class=\"latest_post_text\"><div class=\"latest_post_inner\"><span class=\"post_infos\"><span class=\"date_holder\"><span class=\"date\">04 <\/span><span class=\"month\">avril<\/span><\/span><span class=\"latest-vert-separator\">  |  <\/span><a class=\"post_author\" href=\"https:\/\/asmir.fr\/index.php\/author\/joseph-jolly\/\">Joseph JOLLY <\/a><span class=\"latest-vert-separator\">  |  <\/span> <a href=\"https:\/\/asmir.fr\/index.php\/category\/actualite\/\">Actualit\u00e9s <\/a> <span class=\"latest-vert-separator\">  |  <\/span><\/span><h4 class=\"latest_post_title\"><a href=\"https:\/\/asmir.fr\/index.php\/2023\/04\/04\/673\/\">BENEVOLAT A LA CARTE<\/a><\/h4><\/div><\/div><\/div><\/li><li class=\"three\"><div class=\"latest_post\"><a href=\"https:\/\/asmir.fr\/index.php\/2023\/02\/27\/rencontre-accompagnateurs-utilisateurs-autour-de-la-galette-a-la-marpa-de-sainte-flaive\/\" class=\"latest_post_wrapper\"><img loading=\"lazy\" decoding=\"async\" width=\"2560\" height=\"1920\" src=\"https:\/\/asmir.fr\/wp-content\/uploads\/2023\/02\/Galette-des-rois-2023-scaled.jpg\" class=\"attachment-full size-full wp-post-image\" alt=\"\" srcset=\"https:\/\/asmir.fr\/wp-content\/uploads\/2023\/02\/Galette-des-rois-2023-scaled.jpg 2560w, https:\/\/asmir.fr\/wp-content\/uploads\/2023\/02\/Galette-des-rois-2023-300x225.jpg 300w, https:\/\/asmir.fr\/wp-content\/uploads\/2023\/02\/Galette-des-rois-2023-1024x768.jpg 1024w, https:\/\/asmir.fr\/wp-content\/uploads\/2023\/02\/Galette-des-rois-2023-768x576.jpg 768w, https:\/\/asmir.fr\/wp-content\/uploads\/2023\/02\/Galette-des-rois-2023-1536x1152.jpg 1536w, https:\/\/asmir.fr\/wp-content\/uploads\/2023\/02\/Galette-des-rois-2023-2048x1536.jpg 2048w\" sizes=\"auto, (max-width: 2560px) 100vw, 2560px\" \/><\/a><div class=\"latest_post_text\"><div class=\"latest_post_inner\"><span class=\"post_infos\"><span class=\"date_holder\"><span class=\"date\">27 <\/span><span class=\"month\">f\u00e9vrier<\/span><\/span><span class=\"latest-vert-separator\">  |  <\/span><a class=\"post_author\" href=\"https:\/\/asmir.fr\/index.php\/author\/joseph-jolly\/\">Joseph JOLLY <\/a><span class=\"latest-vert-separator\">  |  <\/span> <a href=\"https:\/\/asmir.fr\/index.php\/category\/actualite\/\">Actualit\u00e9s <\/a> <span class=\"latest-vert-separator\">  |  <\/span><\/span><h4 class=\"latest_post_title\"><a href=\"https:\/\/asmir.fr\/index.php\/2023\/02\/27\/rencontre-accompagnateurs-utilisateurs-autour-de-la-galette-a-la-marpa-de-sainte-flaive\/\">Rencontre Accompagnateurs-Utilisateurs autour de la Galette \u00e0 la Marpa de Sainte Flaive<\/a><\/h4><\/div><\/div><\/div><\/li><span class=\"latest_post_clear\"><\/span><\/ul><\/div>[vc_row_inner row_type=\u00a0\u00bbrow\u00a0\u00bb text_align=\u00a0\u00bbleft\u00a0\u00bb css_animation=\u00a0\u00bb\u00a0\u00bb][vc_column_inner width=\u00a0\u00bb1\/3&Prime;][\/vc_column_inner][vc_column_inner width=\u00a0\u00bb1\/3&Prime; css=\u00a0\u00bb.vc_custom_1662101746833{margin-left: 20px !important;}\u00a0\u00bb]<a href=\"https:\/\/asmir.fr\/index.php\/actualite-projets\/\" target=\"_self\" class=\"qbutton  medium center\" style=\"color: #ffffff; background-color: #e0d508; border: 1px solid #ffffff; \">Voir toutes les Actualit\u00e9s<\/a>[\/vc_column_inner][vc_column_inner width=\u00a0\u00bb1\/3&Prime;][\/vc_column_inner][\/vc_row_inner][\/vc_column][\/vc_row][vc_row row_type=\u00a0\u00bbrow\u00a0\u00bb text_align=\u00a0\u00bbleft\u00a0\u00bb css_animation=\u00a0\u00bb\u00a0\u00bb][vc_column][vc_text_separator title=\u00a0\u00bbNos Activit\u00e9s\u00a0\u00bb border=\u00a0\u00bbno\u00a0\u00bb background_color=\u00a0\u00bb#248d37&Prime; title_color=\u00a0\u00bb#ffffff\u00a0\u00bb][\/vc_column][\/vc_row][vc_row row_type=\u00a0\u00bbsection\u00a0\u00bb type=\u00a0\u00bbgrid\u00a0\u00bb text_align=\u00a0\u00bbleft\u00a0\u00bb video=\u00a0\u00bb\u00a0\u00bb css=\u00a0\u00bb.vc_custom_1660028633986{padding-bottom: 40px !important;}\u00a0\u00bb][vc_column width=\u00a0\u00bb1\/3&Prime;]<div class=\"image_with_text\"><img decoding=\"async\" src=\"https:\/\/asmir.fr\/wp-content\/uploads\/2022\/08\/asmir-activites-transport-solidaire.jpg\" alt=\"Le D\u00e9placement Solidaire\" \/><h2 >Le D\u00e9placement Solidaire<\/h2><span style=\"margin: 6px 0px;\" class=\"separator transparent\"><\/span>D\u00e9placements et accompagnements solidaires en milieu rural.<\/div>[vc_separator type=\u00a0\u00bbtransparent\u00a0\u00bb]<a href=\"https:\/\/asmir.fr\/index.php\/activites\/#transport-solidaire\" target=\"_self\" class=\"qbutton  small center\" style=\"color: #ffffff; background-color: #e0d508; border: 1px solid #ffffff; \">En Savoir +<\/a>[\/vc_column][vc_column width=\u00a0\u00bb1\/3&Prime;]<div class=\"image_with_text\"><img decoding=\"async\" src=\"https:\/\/asmir.fr\/wp-content\/uploads\/2022\/08\/asmir-activites-visites-domicile.jpg\" alt=\"Les Visites \u00e0 Domicile\" \/><h2 >Les Visites \u00e0 Domicile<\/h2><span style=\"margin: 6px 0px;\" class=\"separator transparent\"><\/span>Visites et aides au domicile des b\u00e9n\u00e9ficiaires dans le besoin.<\/div>[vc_separator type=\u00a0\u00bbtransparent\u00a0\u00bb]<a href=\"https:\/\/asmir.fr\/index.php\/activites\/#visites-domicile\" target=\"_self\" class=\"qbutton  small center\" style=\"color: #ffffff; background-color: #e0d508; border: 1px solid #ffffff; \">En Savoir +<\/a>[\/vc_column][vc_column width=\u00a0\u00bb1\/3&Prime;]<div class=\"image_with_text\"><img decoding=\"async\" src=\"https:\/\/asmir.fr\/wp-content\/uploads\/2022\/08\/asmir-activites-solidaires.jpg\" alt=\"Autres Activit\u00e9s Solidaires\" \/><h2 >Autres Activit\u00e9s Solidaires<\/h2><span style=\"margin: 6px 0px;\" class=\"separator transparent\"><\/span>Participation et contribution \u00e0 d&rsquo;autres activit\u00e9s solidaires.<\/div>[vc_separator type=\u00a0\u00bbtransparent\u00a0\u00bb]<a href=\"https:\/\/asmir.fr\/index.php\/activites\/#activites-solidaires\" target=\"_self\" class=\"qbutton  small center\" style=\"color: #ffffff; background-color: #e0d508; border: 1px solid #ffffff; \">En Savoir +<\/a>[\/vc_column][\/vc_row][vc_row row_type=\u00a0\u00bbsection\u00a0\u00bb type=\u00a0\u00bbgrid\u00a0\u00bb text_align=\u00a0\u00bbleft\u00a0\u00bb video=\u00a0\u00bb\u00a0\u00bb css=\u00a0\u00bb.vc_custom_1660035732205{padding-bottom: 40px !important;background-image: url(https:\/\/asmir.fr\/wp-content\/uploads\/2022\/08\/asmir-slider1-scaled.jpg?id=201) !important;}\u00a0\u00bb][vc_column width=\u00a0\u00bb2\/3&Prime; css=\u00a0\u00bb.vc_custom_1660035806065{background-color: #ffffff !important;}\u00a0\u00bb][vc_column_text css=\u00a0\u00bb.vc_custom_1665988760613{padding-bottom: 40px !important;}\u00a0\u00bb]\n<p style=\"text-align: justify;\">Vous souhaitez b\u00e9n\u00e9ficier des services de l&rsquo;Association ASMIR ou participer activement au d\u00e9placement solidaire ou aux visites \u00e0 domicile ? Vous souhaitez simplement soutenir l&rsquo;association en tant que simple adh\u00e9rent ou donateur ? N&rsquo;h\u00e9sitez plus rejoignez-nous !<\/p>\n[\/vc_column_text][\/vc_column][vc_column width=\u00a0\u00bb1\/3&Prime;][vc_separator type=\u00a0\u00bbtransparent\u00a0\u00bb up=\u00a0\u00bb20&Prime;]<a href=\"https:\/\/asmir.fr\/index.php\/contact\/\" target=\"_self\" class=\"qbutton  big_large center\" style=\"color: #ffffff; background-color: #248d37; border: 1px solid #ffffff; \">Adh\u00e9rer \u00e0 ASMIR<\/a>[\/vc_column][\/vc_row][vc_row row_type=\u00a0\u00bbrow\u00a0\u00bb text_align=\u00a0\u00bbleft\u00a0\u00bb css_animation=\u00a0\u00bb\u00a0\u00bb css=\u00a0\u00bb.vc_custom_1660030323347{padding-bottom: 30px !important;}\u00a0\u00bb][vc_column][vc_text_separator title=\u00a0\u00bbNos Partenaires\u00a0\u00bb border=\u00a0\u00bbno\u00a0\u00bb background_color=\u00a0\u00bb#248d37&Prime; title_color=\u00a0\u00bb#ffffff\u00a0\u00bb][\/vc_column][\/vc_row][vc_row row_type=\u00a0\u00bbrow\u00a0\u00bb text_align=\u00a0\u00bbleft\u00a0\u00bb css_animation=\u00a0\u00bb\u00a0\u00bb][vc_column width=\u00a0\u00bb1\/2&Prime; css=\u00a0\u00bb.vc_custom_1662099142835{margin-top: 40px !important;}\u00a0\u00bb][vc_text_separator title=\u00a0\u00bbLes CCAS Partenaires\u00a0\u00bb border=\u00a0\u00bbno\u00a0\u00bb title_color=\u00a0\u00bb#ffffff\u00a0\u00bb][vc_row_inner row_type=\u00a0\u00bbrow\u00a0\u00bb text_align=\u00a0\u00bbleft\u00a0\u00bb css_animation=\u00a0\u00bb\u00a0\u00bb css=\u00a0\u00bb.vc_custom_1662099242231{margin-top: 30px !important;}\u00a0\u00bb][vc_column_inner width=\u00a0\u00bb1\/3&Prime;][vc_single_image image=\u00a0\u00bb240&Prime; img_size=\u00a0\u00bb200&#215;200&Prime; alignment=\u00a0\u00bbcenter\u00a0\u00bb][\/vc_column_inner][vc_column_inner width=\u00a0\u00bb1\/3&Prime;][vc_single_image image=\u00a0\u00bb236&Prime; img_size=\u00a0\u00bb200&#215;200&Prime; alignment=\u00a0\u00bbcenter\u00a0\u00bb][\/vc_column_inner][vc_column_inner width=\u00a0\u00bb1\/3&Prime;][vc_single_image image=\u00a0\u00bb237&Prime; img_size=\u00a0\u00bb200&#215;200&Prime; alignment=\u00a0\u00bbcenter\u00a0\u00bb][\/vc_column_inner][\/vc_row_inner][vc_row_inner row_type=\u00a0\u00bbrow\u00a0\u00bb text_align=\u00a0\u00bbleft\u00a0\u00bb css_animation=\u00a0\u00bb\u00a0\u00bb][vc_column_inner width=\u00a0\u00bb1\/3&Prime;][vc_single_image image=\u00a0\u00bb238&Prime; img_size=\u00a0\u00bb200&#215;200&Prime; alignment=\u00a0\u00bbcenter\u00a0\u00bb][\/vc_column_inner][vc_column_inner width=\u00a0\u00bb1\/3&Prime;][vc_single_image image=\u00a0\u00bb239&Prime; img_size=\u00a0\u00bb200&#215;200&Prime; alignment=\u00a0\u00bbcenter\u00a0\u00bb][\/vc_column_inner][vc_column_inner width=\u00a0\u00bb1\/3&Prime;][vc_single_image image=\u00a0\u00bb234&Prime; img_size=\u00a0\u00bb200&#215;200&Prime; alignment=\u00a0\u00bbcenter\u00a0\u00bb][\/vc_column_inner][\/vc_row_inner][vc_row_inner row_type=\u00a0\u00bbrow\u00a0\u00bb text_align=\u00a0\u00bbleft\u00a0\u00bb css_animation=\u00a0\u00bb\u00a0\u00bb][vc_column_inner width=\u00a0\u00bb1\/3&Prime;][\/vc_column_inner][vc_column_inner width=\u00a0\u00bb1\/3&Prime;][vc_single_image image=\u00a0\u00bb232&Prime; img_size=\u00a0\u00bb200&#215;200&Prime; alignment=\u00a0\u00bbcenter\u00a0\u00bb][\/vc_column_inner][vc_column_inner width=\u00a0\u00bb1\/3&Prime;][\/vc_column_inner][\/vc_row_inner][vc_row_inner row_type=\u00a0\u00bbrow\u00a0\u00bb text_align=\u00a0\u00bbleft\u00a0\u00bb css_animation=\u00a0\u00bb\u00a0\u00bb css=\u00a0\u00bb.vc_custom_1662099858041{margin-top: 20px !important;margin-bottom: 20px !important;}\u00a0\u00bb][vc_column_inner width=\u00a0\u00bb1\/3&Prime;][\/vc_column_inner][vc_column_inner width=\u00a0\u00bb1\/3&Prime;]<a href=\"https:\/\/www.pour-les-personnes-agees.gouv.fr\/preserver-son-autonomie-s-informer-et-anticiper\/a-qui-s-adresser\/le-centre-communal-daction-sociale-ccas-la-mairie#anchor1\" target=\"_blank\" class=\"qbutton  big_large center\" style=\"color: #ffffff; background-color: #e0d508; border: 1px solid #ffffff; \">Le r\u00f4le du CCAS ?<\/a>[\/vc_column_inner][vc_column_inner width=\u00a0\u00bb1\/3&Prime;][\/vc_column_inner][\/vc_row_inner][\/vc_column][vc_column width=\u00a0\u00bb1\/2&Prime; css=\u00a0\u00bb.vc_custom_1662100563572{margin-top: 40px !important;border-left-width: 1px !important;border-left-color: #dddddd !important;border-left-style: solid !important;border-radius: 1px !important;}\u00a0\u00bb][vc_text_separator title=\u00a0\u00bbLes Organismes financeurs\u00a0\u00bb border=\u00a0\u00bbno\u00a0\u00bb background_color=\u00a0\u00bb#248d37&Prime; title_color=\u00a0\u00bb#ffffff\u00a0\u00bb][vc_row_inner row_type=\u00a0\u00bbrow\u00a0\u00bb text_align=\u00a0\u00bbleft\u00a0\u00bb css_animation=\u00a0\u00bb\u00a0\u00bb css=\u00a0\u00bb.vc_custom_1674049497988{margin-top: 0px !important;}\u00a0\u00bb][vc_column_inner css=\u00a0\u00bb.vc_custom_1662100519197{margin-top: 40px !important;margin-bottom: 30px !important;}\u00a0\u00bb][vc_single_image image=\u00a0\u00bb284&Prime; img_size=\u00a0\u00bb450&#215;150&Prime; alignment=\u00a0\u00bbcenter\u00a0\u00bb onclick=\u00a0\u00bbcustom_link\u00a0\u00bb img_link_target=\u00a0\u00bb_blank\u00a0\u00bb link=\u00a0\u00bbhttps:\/\/www.carsat-pl.fr\/home.html\u00a0\u00bb][\/vc_column_inner][\/vc_row_inner][vc_row_inner row_type=\u00a0\u00bbrow\u00a0\u00bb text_align=\u00a0\u00bbleft\u00a0\u00bb css_animation=\u00a0\u00bb\u00a0\u00bb][vc_column_inner css=\u00a0\u00bb.vc_custom_1662100392288{margin-top: 40px !important;}\u00a0\u00bb][vc_single_image image=\u00a0\u00bb593&Prime; img_size=\u00a0\u00bb400&#215;141&Prime; alignment=\u00a0\u00bbcenter\u00a0\u00bb onclick=\u00a0\u00bbcustom_link\u00a0\u00bb img_link_target=\u00a0\u00bb_blank\u00a0\u00bb link=\u00a0\u00bbhttps:\/\/www.vendee-senior.fr\/accueil\u00a0\u00bb][\/vc_column_inner][\/vc_row_inner][vc_row_inner row_type=\u00a0\u00bbrow\u00a0\u00bb text_align=\u00a0\u00bbleft\u00a0\u00bb css_animation=\u00a0\u00bb\u00a0\u00bb][vc_column_inner css=\u00a0\u00bb.vc_custom_1662100392288{margin-top: 40px !important;}\u00a0\u00bb][vc_single_image image=\u00a0\u00bb235&Prime; img_size=\u00a0\u00bb250&#215;250&Prime; alignment=\u00a0\u00bbcenter\u00a0\u00bb onclick=\u00a0\u00bbcustom_link\u00a0\u00bb img_link_target=\u00a0\u00bb_blank\u00a0\u00bb link=\u00a0\u00bbhttps:\/\/www.vendee-senior.fr\/accueil\u00a0\u00bb][\/vc_column_inner][\/vc_row_inner][\/vc_column][\/vc_row][vc_row row_type=\u00a0\u00bbsection\u00a0\u00bb type=\u00a0\u00bbfull_width\u00a0\u00bb text_align=\u00a0\u00bbcenter\u00a0\u00bb video=\u00a0\u00bb\u00a0\u00bb css=\u00a0\u00bb.vc_custom_1660036165404{margin-bottom: 40px !important;background-image: url(https:\/\/asmir.fr\/wp-content\/uploads\/2022\/06\/header-background-scaled.jpg?id=27) !important;}\u00a0\u00bb][vc_column width=\u00a0\u00bb1\/3&Prime;][\/vc_column][vc_column width=\u00a0\u00bb1\/3&Prime;][\/vc_column][vc_column width=\u00a0\u00bb1\/3&Prime;][\/vc_column][\/vc_row]\n","protected":false},"excerpt":{"rendered":"<p>[vc_row row_type=\u00a0\u00bbsection\u00a0\u00bb type=\u00a0\u00bbgrid\u00a0\u00bb text_align=\u00a0\u00bbcenter\u00a0\u00bb video=\u00a0\u00bb\u00a0\u00bb css=\u00a0\u00bb.vc_custom_1659978890118{padding-bottom: 40px !important;background-image: url(https:\/\/asmir.fr\/wp-content\/uploads\/2022\/06\/header-background-scaled.jpg?id=27) !important;}\u00a0\u00bb][vc_column width=\u00a0\u00bb1\/2&Prime;][vc_separator type=\u00a0\u00bbtransparent\u00a0\u00bb up=\u00a0\u00bb30&Prime;][vc_single_image image=\u00a0\u00bb211&Prime; img_size=\u00a0\u00bb500&#215;500&Prime; alignment=\u00a0\u00bbcenter\u00a0\u00bb style=\u00a0\u00bbvc_box_shadow_3d\u00a0\u00bb][\/vc_column][vc_column width=\u00a0\u00bb1\/2&Prime;][vc_custom_heading text=\u00a0\u00bbBienvenue sur le site de l&rsquo;association ASMIR\u00a0\u00bb font_container=\u00a0\u00bbtag:h2|font_size:32|text_align:left|color:%23248d37&Prime; use_theme_fonts=\u00a0\u00bbyes\u00a0\u00bb][vc_separator type=\u00a0\u00bbtransparent\u00a0\u00bb][vc_column_text] \u00a0L&rsquo;association ASMIR est n\u00e9e \u00e0 Sainte Flaive des Loups en Vend\u00e9e en 2016 sous l&rsquo;impulsion d&rsquo;un petit&#8230;<\/p>\n","protected":false},"author":1,"featured_media":0,"parent":0,"menu_order":0,"comment_status":"closed","ping_status":"closed","template":"full_width.php","meta":{"footnotes":""},"class_list":["post-13","page","type-page","status-publish","hentry"],"aioseo_notices":[],"_links":{"self":[{"href":"https:\/\/asmir.fr\/index.php\/wp-json\/wp\/v2\/pages\/13","targetHints":{"allow":["GET"]}}],"collection":[{"href":"https:\/\/asmir.fr\/index.php\/wp-json\/wp\/v2\/pages"}],"about":[{"href":"https:\/\/asmir.fr\/index.php\/wp-json\/wp\/v2\/types\/page"}],"author":[{"embeddable":true,"href":"https:\/\/asmir.fr\/index.php\/wp-json\/wp\/v2\/users\/1"}],"replies":[{"embeddable":true,"href":"https:\/\/asmir.fr\/index.php\/wp-json\/wp\/v2\/comments?post=13"}],"version-history":[{"count":104,"href":"https:\/\/asmir.fr\/index.php\/wp-json\/wp\/v2\/pages\/13\/revisions"}],"predecessor-version":[{"id":799,"href":"https:\/\/asmir.fr\/index.php\/wp-json\/wp\/v2\/pages\/13\/revisions\/799"}],"wp:attachment":[{"href":"https:\/\/asmir.fr\/index.php\/wp-json\/wp\/v2\/media?parent=13"}],"curies":[{"name":"wp","href":"https:\/\/api.w.org\/{rel}","templated":true}]}}